(d) = -d**3 - 12*d**2 + 166*d - 603. Give f(-21).
-120
Let t(f) = -375*f**2 + 245*f + 270. Calculate t(-1).
-350
Let f(x) = -20011766*x - 60035292. What is f(-3)?
6
Let t(v) = -8*v**3 - 140*v**2 - 1040*v + 41. Determine t(-8).
3497
Let p(u) = -34*u + 1557. Calculate p(-6).
1761
Let d(v) = 15863*v + 95172. Calculate d(-6).
-6
Let h(u) = 8210492*u + 57473451. Calculate h(-7).
7
Let a(t) = 17153*t - 3138942. Calculate a(183).
57
Let g(j) = 16430*j + 63718. Determine g(-4).
-2002
Let p(v) = -v**3 - 252*v**2 + 1524*v - 6199. Determine p(-258).
-7
Let y(a) = -a**3 + 86*a**2 - 1620*a - 204. Give y(58).
28
Let s(a) = -2940*a - 208768. What is s(-71)?
-28
Let i(w) = 2*w**3 + 512*w**2 + 1583*w + 16446. Determine i(-253).
1
Let c(y) = -6*y**3 + 331*y**2 - 991*y - 49. Determine c(52).
-205
Let b(d) = 9*d**3 - 1006*d**2 - 218*d - 647. Calculate b(112).
25
Let a(h) = -29*h**3 + 497*h**2 - 46*h - 372. What is a(17)?
2
Let f(m) = -2*m**3 - 1688*m**2 - 10014*m + 35146. What is f(-838)?
-50
Let c(h) = 8192*h - 131130. Calculate c(16).
-58
Let q(h) = -1759*h - 10449. Calculate q(-6).
105
Let r(b) = 28*b**3 - 36286*b**2 - 2592*b + 45. Determine r(1296).
45
Let b(n) = -428*n + 55077. Determine b(130).
-563
Let x(u) = u**3 - 28*u**2 - 64*u + 427. Calculate x(30).
307
Let n(z) = z**3 + 23*z**2 - 2045*z + 108. What is n(35)?
-417
Let m(s) = 250*s**2 - 4266*s + 8. Calculate m(17).
-264
Let y(p) = 101649*p + 711526. What is y(-7)?
-17
Let a(n) = -n**3 + 10*n**2 - 721*n + 1405. Determine a(2).
-5
Let s(d) = 25440*d + 101753. Calculate s(-4).
-7
Let x(g) = 1959*g - 7075. Determine x(4).
761
Let p(y) = -297*y + 21438. What is p(71)?
351
Let a(n) = -10*n**3 - 1392*n**2 - 262*n + 2218. Give a(-139).
-6
Let i(p) = -p**3 - 55*p**2 - 720*p - 194. What is i(-34)?
10
Let q(j) = 26*j**2 + 2563*j + 5049. What is q(-2)?
27
Let x(f) = f**3 - 94*f**2 - 56*f - 5051. What is x(95)?
-1346
Let j(l) = -l**3 + 25*l**2 - 28*l + 1472. Give j(28).
-1664
Let p(s) = 27*s**2 - 296*s + 1024. Calculate p(11).
1035
Let x(r) = -r**3 + 6*r**2 - 3*r + 122. Calculate x(0).
122
Let l(h) = -8632*h - 17038. Determine l(-2).
226
Let s(i) = 29631*i + 918563. Give s(-31).
2
Let y(u) = 14*u**2 + 2953*u + 19753. Give y(-204).
-35
Let b(z) = -z**2 - 102*z + 127. Give b(-75).
2152
Let x(q) = -2*q**2 - 2737*q - 496009. Determine x(-215).
-4
Let p(j) = j**3 + 23*j**2 - 26*j + 1. Give p(1).
-1
Let r(t) = -6*t**3 - 147*t**2 + 382*t + 1204. Determine r(4).
-4
Let c(o) = -4*o**2 - 726*o + 5695. Calculate c(-189).
25
Let u(c) = c**3 + 37*c**2 - 396*c - 137. Calculate u(9).
25
Let p(z) = -z**2 + 91*z - 277. Calculate p(89).
-99
Let x(m) = 54*m**2 - 144*m - 415. What is x(-3)?
503
Let g(h) = -h**3 + 7*h**2 + 58*h - 354. What is g(6)?
30
Let p(w) = w**2 - 4688*w - 362135. Give p(-76).
-71
Let v(w) = 5804*w + 963509. What is v(-166)?
45
Let g(z) = -z**3 + 71*z**2 - 539*z - 1597. What is g(62)?
-419
Let h(z) = -12*z**2 - 340*z + 10441. What is h(19)?
-351
Let s(d) = d**3 - 84*d**2 + 480*d - 3. What is s(6)?
69
Let c(x) = -5*x**2 + 131*x + 1542. Calculate c(34).
216
Let b(f) = 81425*f + 4152683. Give b(-51).
8
Let b(n) = -n**2 - 904*n + 19438. What is b(21)?
13
Let l(a) = -7592*a - 3826379. What is l(-504)?
-11
Let m(j) = 3*j**3 - 928*j**2 - 1555*j. What is m(311)?
0
Let w(m) = -2*m**3 - 15*m**2 - 61*m - 36. What is w(-5)?
144
Let y(q) = -26*q**2 - 3429*q + 66299. Give y(-149).
-6
Let v(i) = -i**2 - 2640*i - 31559. Calculate v(-12).
-23
Let c(p) = 3669*p + 143023. Determine c(-39).
-68
Let v(d) = d**3 - 6*d**2 + 183*d - 1223. Determine v(7).
107
Let y(u) = -6*u**3 - 159*u**2 - 233*u - 215. Give y(-25).
-15
Let n(w) = 4451*w + 13403. Determine n(-3).
50
Let q(k) = k**3 + 216*k**2 + 6*k + 1475. Give q(-216).
179
Let u(j) = 6*j**3 - 3069*j**2 + 86666*j + 122. Calculate u(30).
2
Let g(l) = 73*l**2 - 353*l + 684. Give g(2).
270
Let d(h) = 58*h**2 + 5119*h + 1348. Give d(-88).
28
Let q(u) = 1429*u - 97296. Determine q(68).
-124
Let u(z) = 4488*z - 71820. What is u(16)?
-12
Let t(x) = -18*x**2 - 395*x + 9089. Determine t(-36).
-19
Let o(s) = -126*s**2 + 15241*s + 604. Give o(121).
-1
Let h(f) = -4*f**3 - 34*f**2 - 992*f - 6005. What is h(-6)?
-413
Let x(l) = l**3 + 257*l**2 - 231*l + 7043. Give x(-258).
77
Let r(w) = -2*w**3 + 78*w**2 + 657*w - 601. Determine r(46).
-3
Let a(c) = 12*c**2 + 110*c - 4361. Calculate a(15).
-11
Let q(l) = -l**3 - 32*l**2 - 340*l - 4051. What is q(-25)?
74
Let y(g) = -5780*g - 5828. Give y(-1).
-48
Let y(z) = 2*z**3 - 41*z**2 + 4203*z - 12282. Give y(3).
12
Let u(g) = -g**3 + 10*g**2 + 45*g + 145. Determine u(14).
-9
Let i(f) = 136*f**2 - 1335*f + 2778. Calculate i(3).
-3
Let t(a) = 41*a**2 + 12724*a - 172346. Give t(13).
-5
Let i(t) = t**3 - 31*t**2 - 180*t + 68. Determine i(36).
68
Let w(b) = b**3 + 36*b**2 + 88*b - 385. What is w(-33)?
-22
Let y(k) = -591*k - 11145. Give y(-19).
84
Let k(s) = 36*s**3 + 396*s**2 - 40*s - 314. Determine k(-11).
126
Let h(q) = -2*q**3 - 103*q**2 - 40*q - 4778. Calculate h(-52).
6
Let s(o) = -6*o**3 + 405*o**2 + 219*o - 823. What is s(68)?
197
Let a(p) = -p**3 + 51*p**2 - 629*p - 45. What is a(22)?
153
Let g(m) = m**3 + 17*m**2 + 235*m + 3883. Determine g(-17).
-112
Let d(h) = -193*h**2 - 79*h - 86. What is d(-1)?
-200
Let z(u) = 225*u - 6335. Determine z(28).
-35
Let x(y) = -160*y**3 - 646*y + 644. What is x(1)?
-162
Let i(k) = 166*k**2 - 804*k - 129. What is i(5)?
1
Let n(h) = 3*h**3 - 196*h**2 + 2281*h - 215. What is n(15)?
25
Let r(k) = -152644*k + 1068535. Calculate r(7).
27
Let d(f) = 31*f**2 + 356*f + 45. Determine d(-10).
-415
Let z(y) = -1164*y + 103635. Give z(89).
39
Let x(r) = 10*r**2 + 4095*r - 79481. Calculate x(-428).
-301
Let k(s) = 2*s**3 - 122*s**2 - 110*s - 220. Give k(62).
648
Let x(w) = 12*w**2 - 2393*w - 19218. Calculate x(-8).
694
Let d(g) = -g**2 + 197*g - 1045. Determine d(192).
-85
Let j(g) = 2*g**2 + 2*g + 949. Determine j(0).
949
Let t(y) = 49667*y + 198561. Calculate t(-4).
-107
Let w(k) = 54360*k + 1413412. What is w(-26)?
52
Let v(x) = -1489*x - 1509. Determine v(0).
-1509
Let n(p) = 5272*p + 2899587. Calculate n(-550).
-13
Let b(z) = -z**3 + 628*z**2 + 6372*z + 5112. Determine b(638).
8
Let n(q) = -659*q + 10627. Determine n(16).
83
Let s(t) = t**2 + 35*t - 12470. What is s(-129)?
-344
Let b(j) = 3614*j**2 - 14459*j - 9. Determine b(4).
-21
Let c(a) = 293*a - 16307. Determine c(52).
-1071
Let m(w) = -30*w - 2448. Give m(-58).
-708
Let z(x) = -2*x**3 + 150*x**2 + 150*x + 123. Give z(76).
-29
Let i(p) = 577*p**2 - 43846*p - 60. Give i(76).
396
Let v(k) = -4*k**3 + 566*k**2 + 415*k - 18599. What is v(142)?
3
Let a(w) = -5971*w**2 - 811*w + 19. Calculate a(0).
19
Let z(n) = 523*n + 93035. What is z(-178)?
-59
Let s(o) = 7198*o - 86367. Give s(12).
9
Let c(w) = 376*w - 20552. Give c(55).
128
Let k(i) = -i**2 - 806*i + 11412. Calculate k(13).
765
Let x(c) = 413*c**2 + 1572*c - 335. Determine x(-4).
-15
Let v(g) = -269*g + 164. Determine v(0).
164
Let m(z) = -16907*z - 16904. Give m(-1).
3
Let l(f) = 14*f**3 + 177*f**2 - 6*f - 8. Give l(0).
-8
Let q(z) = -144*z**2 + 407*z + 678. Give q(4).
2
Let q(a) = 637*a**2 + 38*a + 3. Calculate q(-1).
602
Let x(a) = -20849*a - 271149. Calculate x(-13).
-112
Let s(k) = 9*k**2 + 3582*k + 14357. Calculate s(-4).
173
Let b(o) = -28*o**3 + 928*o**2 - 135*o + 59. Calculate b(33).
-40
Let a(j) = j**3 - 784*j + 16. What is a(-28)?
16
Let l(u) = -3*u**2 - 2950*u - 723557. Give l(-515).
18
Let c(w) = 306*w**3 - 3*w**2 - 67*w - 67. Determine c(-1).
-309
Let d(m) = 2*m**3 - 247*m**2 - 346*m - 3604. Give d(125).
21
Let j(p) = -3144*p + 31425. What is j(10)?
-15
Let s(m) = 16622*m + 116423. What is s(-7)?
69
Let f(b) = 14495*b + 5203705. What is f(-359)?
0
Let j(y) = 404*y + 4585. Give j(-11).
141
Let n(z) = 184*z + 2504. Calculate n(-12).
296
Let m(a) = 628*a**2 + 91*a + 94. Determine m(-1).
631
Let z(b) = -132*b - 1535. Determine z(-9).
-347
Let t(i) = 2*i**2 + 76*i + 626. Give t(-15).
-64
Let j(w) = -2*w**3 - 31*w**2 + 381*w - 452. Give j(-24).
196
Let w(j) = 4*j**2 - 387*j - 20131. What is w(134)?
-165
Let p(w) = 5*w**3 - 4937*w**2 - 3058*w + 92919. What is p(988)?
47
Let o(n) = -9588*n + 1543654. Calculate o(161).
-14
Let q(g) = g**3 - 28*g**2 + 144*g - 1721. What is q(25)?
4
Let j(d) = d**3 + 6*d**2 + 6005*d + 